when 411833 is divided by 468?
461
What is the remainder when 821 is divided by 808?
13
Calculate the remainder when 3479 is divided by 582.
569
What is the remainder when 27018 is divided by 1147?
637
Calculate the remainder when 630533 is divided by 18.
11
Calculate the remainder when 597987 is divided by 46.
33
Calculate the remainder when 5110 is divided by 91.
14
What is the remainder when 68997 is divided by 8621?
29
Calculate the remainder when 64890 is divided by 166.
150
What is the remainder when 42599 is divided by 53?
40
What is the remainder when 979 is divided by 73?
30
Calculate the remainder when 5584 is divided by 133.
131
Calculate the remainder when 17023 is divided by 340.
23
What is the remainder when 1721939 is divided by 1358?
1353
Calculate the remainder when 26773 is divided by 15.
13
Calculate the remainder when 83812 is divided by 298.
74
Calculate the remainder when 5760 is divided by 174.
18
Calculate the remainder when 733 is divided by 595.
138
What is the remainder when 9941 is divided by 163?
161
What is the remainder when 16622 is divided by 4136?
78
What is the remainder when 11048 is divided by 381?
380
Calculate the remainder when 21186 is divided by 20855.
331
Calculate the remainder when 475101 is divided by 79.
74
What is the remainder when 41137 is divided by 20446?
245
Calculate the remainder when 14124 is divided by 456.
444
What is the remainder when 3578206 is divided by 809?
808
What is the remainder when 30612 is divided by 23?
22
Calculate the remainder when 42841 is divided by 579.
574
Calculate the remainder when 24818 is divided by 17.
15
Calculate the remainder when 14970 is divided by 42.
18
What is the remainder when 13866 is divided by 10?
6
Calculate the remainder when 22545 is divided by 54.
27
Calculate the remainder when 3447832 is divided by 15.
7
What is the remainder when 177 is divided by 56?
9
What is the remainder when 8921487 is divided by 62?
59
Calculate the remainder when 324 is divided by 110.
104
Calculate the remainder when 79428 is divided by 8825.
3
Calculate the remainder when 5124 is divided by 27.
21
Calculate the remainder when 540123 is divided by 222.
219
Calculate the remainder when 31085 is divided by 338.
327
Calculate the remainder when 1722 is divided by 213.
18
What is the remainder when 15340 is divided by 344?
204
What is the remainder when 13132 is divided by 34?
8
Calculate the remainder when 102826 is divided by 246.
244
What is the remainder when 132960 is divided by 26?
22
What is the remainder when 68024 is divided by 17002?
16
What is the remainder when 42599 is divided by 14192?
23
Calculate the remainder when 2052 is divided by 536.
444
What is the remainder when 31337 is divided by 111?
35
Calculate the remainder when 48590 is divided by 6938.
24
Calculate the remainder when 8142 is divided by 342.
276
Calculate the remainder when 812 is divided by 4.
0
Calculate the remainder when 20797 is divided by 311.
271
Calculate the remainder when 2884 is divided by 13.
11
Calculate the remainder when 40500 is divided by 844.
832
What is the remainder when 16125 is divided by 9?
6
Calculate the remainder when 7891 is divided by 2602.
85
What is the remainder when 21076 is divided by 18?
16
Calculate the remainder when 71891 is divided by 18.
17
Calculate the remainder when 4213 is divided by 1003.
201
Calculate the remainder when 26667 is divided by 452.
451
Calculate the remainder when 3218 is divided by 708.
386
What is the remainder when 3325 is divided by 225?
175
What is the remainder when 6971 is divided by 1741?
7
Calculate the remainder when 31160 is divided by 31135.
25
Calculate the remainder when 190253 is divided by 63417.
2
What is the remainder when 9081 is divided by 751?
69
Calculate the remainder when 2724698 is divided by 16.
10
Calculate the remainder when 1699 is divided by 74.
71
What is the remainder when 549547 is divided by 273?
271
Calculate the remainder when 92493 is divided by 17.
13
Calculate the remainder when 18835 is divided by 27.
16
Calculate the remainder when 99053 is divided by 1651.
1644
What is the remainder when 596 is divided by 193?
17
Calculate the remainder when 5104 is divided by 268.
12
Calculate the remainder when 2428 is divided by 32.
28
Calculate the remainder when 383260 is divided by 1645.
1620
Calculate the remainder when 105231 is divided by 105219.
12
What is the remainder when 3177 is divided by 2438?
739
What is the remainder when 7587 is divided by 1516?
7
Calculate the remainder when 40097 is divided by 39893.
204
Calculate the remainder when 3942 is divided by 1970.
2
What is the remainder when 9005 is divided by 21?
17
What is the remainder when 4029 is divided by 475?
229
What is the remainder when 474226 is divided by 317?
311
Calculate the remainder when 7712 is divided by 149.
113
Calculate the remainder when 3286 is divided by 546.
10
Calculate the remainder when 9751 is divided by 8.
7
Calculate the remainder when 157467 is divided by 362.
359
What is the remainder when 483976 is divided by 370?
16
Calculate the remainder when 1801 is divided by 3.
1
What is the remainder when 281 is divided by 158?
123
What is the remainder when 478 is divided by 40?
38
What is the remainder when 3713 is divided by 42?
17
What is the remainder when 1600247 is divided by 92?
91
What is the remainder when 7691145 is divided by 29?
26
Calculate the remainder when 12578 is divided by 6284.
10
What is the remainder when 6498 is divided by 409?
363
What is the remainder when 1391 is divided by 457?
20
What is the remainder when 215080 is divided by 57?
19
What is the remainder when 40993 is divided by 661?
11
Calculate the remainder when 8815 is divided by 143.
92
What is the remainder when 30655 is divided by 10209?
28
Calculate the remainder when 56283 is divided by 34.
13
Calculate the remainder when 20389 is divided by 20353.
36
What is the remainder when 41560 is divided by 17?
12
Calculate the remainder when 1804 is divided by 156.
88
Calculate the remainder when 155323 is divided by 101.
86
Calculate the remainder when 707191 is divided by 811.
810
Calculate the remainder when 17382 is divided by 381.
237
Calculate the remainder when 554338 is divided by 491.
490
What is the remainder when 334592 is divided by 442?
440
What is the remainder when 2435 is divided by 796?
47
What is the remainder when 10831 is divided by 689?
496
Calculate the remainder when 378193 is divided by 17.
11
What is the remainder when 192348 is divided by 661?
658
What is the remainder when 62 is divided by 12?
2
What is the remainder when 196081 is divided by 784?
81
What is the remainder when 6959 is divided by 8?
7
What is the remainder when 610337 is divided by 56?
49
What is the remainder when 1387 is divided by 461?
4
Calculate the remainder when 10087 is divided by 3.
1
What is the remainder when 3427 is divided by 22?
17
Calculate the remainder when 2747 is divided by 136.
27
Calculate the remainder when 11460 is divided by 5726.
8
Calculate the remainder when 7715 is divided by 88.
59
What is the remainder when 5248 is divided by 1313?
1309
What is the remainder when 105403 is divided by 288?
283
Calculate the remainder when 237 is divided by 6.
3
Calculate the remainder when 314233 is divided by 263.
211
Calculate the remainder when 12207 is divided by 2342.
497
Calculate the remainder when 217 is divided by 110.
107
What is the remainder when 192998 is divided by 114?
110
What is the remainder when 849404 is divided by 239?
237
Calculate the remainder when 17829 is divided by 366.
261
Calculate the remainder when 15353 is divided by 22.
19
What is the remainder when 19949 is divided by 57?
56
What is the remainder when 21148 is divided by 75?
73
What is the remainder when 2478986 is divided by 17?
12
What is the remainder when 28896 is divided by 92?
8
What is the remainder when 8539 is divided by 2103?
127
What is the remainder when 8588 is divided by 188?
128
What is the remainder when 34059 is divided by 1478?
65
What is the remainder when 19711 is divided by 176?
175
Calculate the remainder when 188072 is divided by 62684.
20
Calculate the remainder when 4893 is divided by 6.
3
What is the remainder when 2490 i